 is divided by j(-11).
22
Suppose -206 + 1394 = 27*l. What is the remainder when 1756 is divided by l?
40
Suppose 5*d + 169 = 894. Let n = d + -76. Calculate the remainder when n is divided by 38/(-6)*(1 - (4 + 0)).
12
Suppose 5*z - 2354 = -4*s, 5*z + 0*z - s - 2374 = 0. Suppose -481*t + z*t + 161 = 0. Calculate the remainder when 90 is divided by t.
21
Let c(s) = 2*s + 77. Let o be c(5). Let n = o + -28. Calculate the remainder when n is divided by 23.
13
Suppose 0 = 24232*j - 24221*j - 702 + 20. What is the remainder when 143 is divided by j?
19
Suppose -21*r = 99*r - 3000. What is the remainder when 37 is divided by r?
12
Let m(a) = 4*a**2 - a + 1. Let l be m(1). Suppose -l*v = -2*v - 6. Suppose -v*c + 36 = c. What is the remainder when 33 is divided by c?
6
Let t = -237 + 249. Let f be (28/(-6))/(18/(-81)). Calculate the remainder when 30 - -7*(36/f - 2) is divided by t.
4
Let v be (44/(-110) - (-3)/(-5)) + 4. Calculate the remainder when (5 - (-3)/v)/(3/82) is divided by 28.
24
Let x = -5205 - -5652. Calculate the remainder when 1421 is divided by x.
80
Let f(k) = k**3 + 7*k**2 - 8*k. Let r be f(-8). Suppose r = -3*d + 67 - 202. Let j = 68 + d. Calculate the remainder when 114 is divided by j.
22
Suppose 51 - 55 = -2*c, 2*d - 4*c - 1590 = 0. Calculate the remainder when d is divided by 397.
5
Let m(h) = -56*h - 211. What is the remainder when (3/(-6))/(1/(-254)) is divided by m(-4)?
10
Let g(k) = 62*k - 452. Calculate the remainder when 2110 is divided by g(8).
42
Let z = 14 + 7. Let m be (-54)/(0 - 9) - -6. Suppose -m*l + 1372 = 37*l. What is the remainder when l is divided by z?
7
Let n(s) = 27*s - 1. Let l = 9929 - 9921. Calculate the remainder when n(2) is divided by l.
5
Suppose -21334 + 2644 = -178*h. Calculate the remainder when 298 is divided by h.
88
Let f = 1529 + -1266. What is the remainder when f is divided by 16?
7
Let v = 317 - 200. Let g = v + -108. Suppose -3*i + 8*i - 265 = 0. What is the remainder when i is divided by g?
8
Let w = 41 - -28. Suppose -11*b + 261 = -w. What is the remainder when 269 is divided by b?
29
Suppose -5*l = 3*i - 116, 10*l + 87 = 13*l - 4*i. What is the remainder when 1999 is divided by l?
24
Let r(k) = 2*k**3 + 222*k**2 - 686*k - 28. What is the remainder when 1011 is divided by r(-114)?
11
Suppose 624 = 4*v - 364. Let z(a) = a**3 - 7*a**2 + 31*a - 154. What is the remainder when v is divided by z(7)?
58
Let i be (9 - 8)/(3/(-2193)). Let f = i - -794. Suppose 39 = u + 5*g + 8, 4*u - 76 = -4*g. Calculate the remainder when f is divided by u.
15
Let u(x) = 2*x**3 - 10*x**2 - x + 1. Let c be u(3). Let g = -28 - c. Calculate the remainder when 18 is divided by g.
8
Suppose 78 + 102 = 4*m. Let l = m + -145. Let w = l - -141. Calculate the remainder when w is divided by 12.
5
Suppose -6230 = -697*j + 690*j - 1190. What is the remainder when j is divided by 349?
22
Suppose 0 = -3*g - 4*o + 108, 2*g + o - 108 = -26. What is the remainder when 2196 is divided by g?
40
Suppose 2*z - 131 = -92*o + 97*o, 0 = 2*o - 14. What is the remainder when z is divided by 6?
5
Suppose -9*z + 7167 = 1569. What is the remainder when z is divided by 57?
52
Suppose 0 = 30*u - 154 - 56. Suppose q + 2*g - g = u, 47 = 5*q + g. Calculate the remainder when 131 is divided by q.
1
Let a(f) = f + 23. Let q be 14/8 + 6/(-8). Let l(u) = -9*u + 1. Let j be l(q). Calculate the remainder when 74 is divided by a(j).
14
Let p be (-1 - -42) + (-1 - 0). Suppose 5*l - 2*b - p = 0, -2*b = -b. What is the remainder when l is divided by 4*(4/(-8))/((-2)/3)?
2
Suppose 6*r - 2*r + 2 = 5*c, -10 = -5*r. What is the remainder when (-6 + c)/((-4)/28) is divided by 11?
6
Calculate the remainder when (-2*3/3)/((-28)/(-62328)*-12) is divided by 46.
3
Suppose 13*o - 9*o + 1196 = -3*c, -3*c + 4*o = 1180. Let l = c + 686. What is the remainder when l is divided by 14?
10
Suppose 0 = -v - 0*v + 21. Let b = -46 - -48. Let z = 57 + b. Calculate the remainder when z is divided by v.
17
Let x be (3 + 1/(-1))*(-184)/(-16). Suppose -5*q + x = -222. What is the remainder when q is divided by 26?
23
Let s be 8/(-10) - (-8 + (-506)/(-5)). Let g = s - -129. What is the remainder when 138 is divided by g?
33
Let x(n) = -27*n - 35. Suppose 0 = -o - 3*s + 28, -3*s + 127 = 5*o - s. Calculate the remainder when x(-3) is divided by o.
21
Let n = 157562 + -89495. What is the remainder when n is divided by 187?
186
Let x(o) = 598*o**2 + 54*o - 113. What is the remainder when x(2) is divided by 92?
87
Let d(t) = t**3 - 18*t**2 + 48*t - 7. Let v be 8 - 84/8 - 35/(-2). What is the remainder when 164 is divided by d(v)?
12
Let a = 638 + -659. Let s(m) = 2*m**3 + 42*m**2 - 11*m - 63. What is the remainder when s(a) is divided by 5?
3
Let v = -58 - -77. Let a(d) = d**3 + 10*d**2 - 45*d - 7. What is the remainder when a(-13) is divided by v?
14
Let h = -16284 + 17446. Calculate the remainder when h is divided by 52.
18
Let a = 112 - 78. Let x be ((49/14)/1)/(1/2). Suppose -x*o = -124 + 33. What is the remainder when a is divided by o?
8
Let r(m) = 10*m - 87. Let s be r(9). Calculate the remainder when ((-564)/(-4))/s + 0/(-2) is divided by 43.
4
Let l(g) = -20*g**3 + g**2 - 7*g - 16. Let n be l(-4). Let a = n - 1268. Let y = 264 - 187. What is the remainder when y is divided by a?
37
Suppose -57*b + 494 = 2*o - 56*b, b + 988 = 4*o. What is the remainder when 1457 is divided by o?
222
Let y be (-8470)/55*7/(-2). Let k = y - 506. Calculate the remainder when 152 is divided by k.
20
Let l be ((-1)/1*1)/((-2)/10). Suppose 13 + 7 = l*o. Suppose 0 = -5*w - 4*n - n + 45, -5*n = -o*w + 81. What is the remainder when 123 is divided by w?
11
Let y(n) = 7*n**2 + 32*n + 130. Calculate the remainder when y(-6) is divided by 102.
88
Let x(z) = -718*z**3 + 13*z**2 + 8*z - 5. Calculate the remainder when x(-1) is divided by 103.
100
Let n = 13562 - 13292. What is the remainder when n is divided by 59?
34
Let q = -3790 + 4365. Calculate the remainder when q is divided by 175.
50
Let k = 37382 + -30144. What is the remainder when k is divided by 142?
138
Let z = 150 + -67. Let v be z/(-12 - -11 - 2/(-1)). Let r = v - 73. What is the remainder when 97 is divided by r?
7
Calculate the remainder when 92 is divided by -10 + 15 + 27 + 3.
22
Let v = -47 + 78. Let j be 52/(-8) - 18/(-12). Calculate the remainder when v is divided by (34/(-10))/(1/j).
14
Let k = -104 - -311. Let l = 262 - k. What is the remainder when l is divided by 7?
6
Suppose 80*p - 3403 = -3*p. Calculate the remainder when 6682 is divided by p.
40
Suppose -157 - 33 = 10*x. Let g(b) = -39*b - 175. What is the remainder when g(x) is divided by 71?
69
Suppose 2*m = -8, f - 302 = -4*f - 2*m. Let l = -35 + 69. Suppose -5*b + l = -71. What is the remainder when f is divided by b?
20
Suppose 8 = 4*q - 4. Let v(p) = 7*p**2 + 2*p. Calculate the remainder when v(q) is divided by ((-190)/(-2) + -5)*1*14/35.
33
Let z(r) = -421*r - 280. Calculate the remainder when z(-1) is divided by 12.
9
Let t = -15825 + 16408. What is the remainder when t is divided by 213?
157
Let p(x) = -3*x**2 - 17*x - 76. Let q be p(34). What is the remainder when ((-232)/(-348))/((-4)/q) is divided by 86?
85
Suppose 4*d - 2*b = 2, -15 = -2*b - 3*b. Suppose d*g - 914 = -4*a, 326 = 3*g - a - 1073. What is the remainder when g is divided by 12?
9
Let k(n) = n**2 - 41*n - 1046. What is the remainder when k(60) is divided by 24?
22
Let t = 138 - 88. Suppose 11*c - 8*c = 39. Suppose -2*d + c = u, 3*u + u - d - 70 = 0. What is the remainder when t is divided by u?
16
Suppose 2*l = -0*l + 20. Let y = -16043 + 16082. What is the remainder when y is divided by l?
9
Let q = -4803 - -5294. What is the remainder when q is divided by 169?
153
Suppose 16*o - 21*o - 2*d = -31632, -6348 = -o - 4*d. Calculate the remainder when o is divided by 37.
34
Let d be 132/30 - 2/5. Suppose 5*p + 5 = 0, -p = 2*y + d*p - 7. Suppose 5*u + 10 = y*u. Calculate the remainder when 96 is divided by u.
6
Suppose -88*v = -955 - 981. What is the remainder when 141 is divided by v?
9
Suppose 0 = -19*h + 1735 + 4760 - 1175. What is the remainder when h is divided by 12?
4
Let l(z) = -59*z + 2803. What is the remainder when 2578 is divided by l(46)?
86
Let f = 18 - -25. Let a(n) = 10*n**2 + 3*n + 26. Let d